 the greatest common divisor of i and 5.
1
Suppose -17*b + 13960 = 3*b. Suppose -4*u - 2*n = -564, -3*u = 2*u - n - b. Calculate the highest common divisor of u and 20.
20
Let n(t) = 4*t**2 + 114*t - 315. Let g be n(-33). What is the greatest common divisor of g and 1302?
93
Let d be -10*(7*-2 + 2). Let g(c) = -c**3 + 8*c**2 - 7*c + 7. Let h be g(6). Let o = h - 22. Calculate the highest common divisor of o and d.
15
Let u be (1018/4)/(506/84 + -6) + 6. Calculate the highest common factor of 186 and u.
93
Let z be (0 + (-129)/5)/(2655/(-4425)). Let f = -451 - -924. What is the highest common divisor of f and z?
43
Let j(n) be the second derivative of -2/3*n**4 + 1/20*n**5 - 5/2*n**2 - n**3 + 0 + 15*n. Let t be j(9). What is the highest common factor of t and 33?
11
Suppose 0 = 5*x - 6 - 14. Suppose -y - 222 = -3*i - 2*i, -x*y + 237 = 5*i. Let m be (-6)/(-15) + (256/10 - -1). What is the greatest common divisor of i and m?
9
Let f(s) = s**3 + 24*s**2 + 30*s - 103. Let a be f(-15). What is the highest common factor of 192 and a?
64
Suppose 42*n - 40*n = 4. Suppose n*p - p = -0*p. Suppose q - c - 2*c - 3 = p, -2*c = -5*q + 28. What is the greatest common divisor of 6 and q?
6
Let l = 165 + -126. Suppose -39*a + 718 = 211. Calculate the greatest common factor of a and l.
13
Let u(x) = -x**3 - 95*x**2 - 1335*x + 311. Let c be u(-17). Let z be (-12)/(-5)*(-80)/(-6). Calculate the highest common factor of c and z.
16
Suppose n = 3*n + 12. Let v = 14 + n. Suppose -4*r = 2*h - 6*h - 44, -2*r - 5*h = -57. What is the greatest common factor of v and r?
8
Suppose -3*l - 72 = -11*l - 0*l. Calculate the highest common factor of l and 1728.
9
Let v be (108/(-5))/((-6)/40). What is the greatest common divisor of v and 840?
24
Let z(v) = -14*v + 143. Let i be z(10). Let u(k) = 3*k**2 + 26*k - 7. Let b be u(i). Calculate the greatest common divisor of b and 14.
14
Suppose -r = 3*k + 4*r - 203, 327 = 5*k - 3*r. Let u be ((-82)/4 + 4)*4/(-2). Calculate the greatest common divisor of k and u.
33
Let x = -230 + 284. Calculate the highest common factor of 18 and x.
18
Let n(z) = -z**2 + 11*z + 7. Let y be n(12). Let g be y + 9 + 248/2. Let s(b) = 10*b - 64. Let v be s(8). Calculate the greatest common factor of v and g.
16
Suppose -730 - 404 = 3*m. Let t = 438 + m. What is the highest common divisor of 96 and t?
12
Suppose 172 + 10 = 2*f - 3*c, 5*f - 465 = 5*c. Let a = f - 84. Calculate the highest common factor of 65 and a.
13
Let y be 2/3 + ((-8)/(-30)*200 - -12). Calculate the highest common factor of y and 678.
6
Suppose 0 = -5*y + 2*s + 327, 120 = 2*y - s - 12. What is the greatest common factor of 133 and y?
7
Let l(r) = 77*r + 76. Let y be l(-1). Suppose u = 98 + 15. Let p be 36/(-9) + (u - y). Calculate the greatest common divisor of p and 10.
10
Let a = 12738 + -10717. Calculate the highest common divisor of a and 235.
47
Let s = 10 - -3. Suppose -12*u + 3*p - 1 = -s*u, 2*p = 5*u - 5. Suppose 45 = -0*n + 5*n. What is the highest common factor of u and n?
1
Suppose 75*c = -33*c + 336960. What is the greatest common factor of c and 247?
13
Let z = -297 + 282. Let l be ((-670)/z - 1) + 1/3. Calculate the highest common factor of l and 11.
11
Let n(h) = 3*h**2 + 932*h - 5589. Let g be n(6). Calculate the highest common divisor of g and 12691.
37
Let u = -1322 - -1310. Let t(y) = -8*y + y**2 - 2*y**3 - 42 - 25*y**2 + 11. Let p be t(u). What is the greatest common factor of p and 13?
13
Let w be ((1239/14)/(-3) + -5)/(6/(-80)). What is the highest common factor of 15 and w?
5
Suppose -s + 5*h + 3975 = 0, -s = 12*h - 8*h - 3939. What is the greatest common divisor of s and 105?
35
Suppose 36*a = 18*a + 8262. Suppose -23*f + 20*f = -a. What is the greatest common factor of 18 and f?
9
Let z(a) be the first derivative of -a**4/4 + 4*a**3 + 34*a - 101. Let q be z(12). What is the highest common factor of 374 and q?
34
Let n = -2796 + 2817. Calculate the greatest common divisor of n and 259.
7
Suppose -11*u + 297 + 153 + 122 = 0. Let c = 169 - 91. Calculate the highest common factor of u and c.
26
Let k = 8 + 76. Let j = k - 69. Let w = -103 + 223. What is the highest common divisor of j and w?
15
Let u(d) = -9*d + 169. Let i be u(19). Let p be 115 + (0 - (i + -3))/1. What is the highest common divisor of p and 45?
15
Suppose 0 = 102*o - 98*o - 20, -5*k + 1910 = -5*o. Calculate the greatest common factor of 473 and k.
43
Suppose -193753 + 17978 = -129*r + 35527. What is the highest common divisor of r and 1274?
182
Suppose -6*p = -0*p - 1002. Suppose -p = -7*j + 988. What is the highest common divisor of j and 15?
15
Let c(g) = 18*g + 149. Let s be c(-6). Suppose 3*b + 5*f - 75 - s = 0, 2*b - 4*f = 92. Calculate the highest common factor of 70 and b.
14
Let w be 2520/(-114) - (-4 + 296/76). Let j(r) = -9*r + 69. Let d be j(w). What is the highest common factor of 178 and d?
89
Let v = 775 - 769. Let t be (232/(-348))/((-1)/v). What is the highest common factor of t and 16?
4
Suppose -396 = 2126*g - 2130*g + 2*k, -4*g + 378 = k. Let i = -241 - -385. Calculate the greatest common divisor of g and i.
48
Let a(d) = -3*d - 16. Let r be a(-6). Let x = 37 + -29. Suppose -2*s - 3*w = -x, 4*s + 2*w - 32 = -0*s. Calculate the highest common factor of s and r.
2
Let x = 108 + -105. Suppose 323 = 4*d + x*c - 879, 0 = -d - c + 301. Calculate the greatest common factor of d and 13.
13
Let h(j) = -j**2 - 7*j + 3. Let d be h(-6). Let y be (-1 + 0)*(29 + -8)/(-7). Suppose -12 = -a - y*a. Calculate the highest common divisor of d and a.
3
Let r be (512/(-192))/(((-8)/(-66))/(-2)). What is the greatest common factor of r and 26356?
44
Let f = -131 + 93. Let z be 151 + ((-2)/7 - f/(-14)). Suppose 2*s = -5*k + 40 + 148, 4*k - z = -s. What is the greatest common divisor of k and 90?
18
Suppose 4*y + 4*t = 66 - 2, 3*y + t = 56. Calculate the highest common factor of 760 and y.
20
Suppose 3222 = 4*c - 2*o, -5*c - 4*o + 5516 - 1521 = 0. Calculate the greatest common divisor of 584 and c.
73
Suppose -j - 2*t = -77, 0 = -4*t + 14 - 2. Suppose -53 = -2*n - j. Let o be n/((-27)/90*2/16). What is the highest common factor of 30 and o?
30
Let c be ((-260)/60)/(2/(-6)). Suppose 2*b - 4*u = 392, 0 = -11*b + c*b + 5*u - 365. Calculate the highest common divisor of b and 20.
10
Let k be 36*((-3)/(-6) - 0). Let f be 8/2 - (24 - 12). Let i(m) = m**2 + 5*m - 18. Let v be i(f). Calculate the greatest common factor of k and v.
6
Let b = -631 + 632. Let i be -9 + (26 - b)/5 - -32. Calculate the highest common divisor of i and 532.
28
Suppose 141*r - 35083 + 4345 = 0. Calculate the greatest common divisor of 2289 and r.
109
Let j be -9*(-1315)/(-30)*2. Let i = j - -791. What is the greatest common divisor of 8 and i?
2
Suppose -3*l = 4*k - 9, 8*k - 2*l + 6 = 5*k. Suppose 276 = i + 5*s, -2*i + 552 = -k*i - 2*s. Calculate the highest common factor of i and 36.
12
Let z = 19 + -6. Suppose -8*v + z*v = 150. Calculate the highest common factor of 75 and v.
15
Let u = -12 + 24. Suppose -3*n - u = 0, -3*n + 2 = b - 1. Suppose -13*r - 139 = -919. Calculate the greatest common factor of b and r.
15
Let z be (-154)/33*(-90)/7. Let p(l) = 3*l**2 + 3*l - 6. Let i be p(-4). What is the greatest common divisor of i and z?
30
Let b = 51 + -46. Suppose 0 = -b*m - m. Let k(p) = p**2 + p + 16. Let z be k(m). What is the greatest common divisor of z and 144?
16
Let m be (22/5 - 6)/(2/(-10)). Suppose 0 = -m*d + 3*d + 105. What is the highest common factor of d and 14?
7
Let n(o) = 92*o - 4254. Let b be n(47). Calculate the highest common divisor of 230 and b.
10
Suppose -173 = -7*c - 236. Let g = 53 + c. Let w = 203 - 93. Calculate the highest common factor of w and g.
22
Let g(k) = 1335*k + 2672. Let w be g(-2). What is the greatest common divisor of 5618 and w?
2
Let a = 11882 - 10070. What is the greatest common divisor of a and 48?
12
Let f be (-116)/580 - (-1 - 282/10). Calculate the highest common divisor of f and 2204.
29
Suppose -18*b + 30*b - 11712 = 0. What is the highest common factor of 671 and b?
61
Let n be 55/15 - 2/(-6). Suppose 0 = -n*r - 0*y - 2*y - 2872, 3*r + 2176 = 4*y. Let l be 1/(-3) + r/(-54). What is the greatest common factor of l and 221?
13
Suppose z + z + 4 = 0. Let c = -1017 + 1015. Let m be z/